-10*j + 15. Give x(-5).
65
Let o(w) = 10*w + 5. Give o(-4).
-35
Let p(r) = -2*r**2 + 9*r + 8. Determine p(5).
3
Let t(m) = m**3 + 10*m**2 - 35*m + 30. Determine t(-13).
-22
Let s(q) = -q**3 + 3. Determine s(0).
3
Let y(h) = -h**2 - 9*h - 18. Determine y(-6).
0
Let a(c) = -5*c - 58. Determine a(-11).
-3
Let y(j) = -3*j + 23. Determine y(10).
-7
Let g(h) = h**3 - 5*h**2 - 3*h. Give g(6).
18
Let q(n) = -n**3 - 6*n**2 - 3*n - 15. Determine q(-6).
3
Let j(k) = -31*k - 21. Calculate j(-1).
10
Let l(q) = 4*q - 7. Give l(-5).
-27
Let u(b) = b**2 + 10*b + 7. Calculate u(-10).
7
Let b(s) = -s**2 + 24*s - 10. Calculate b(25).
-35
Let f(j) = -6*j - 1. What is f(-1)?
5
Let f(y) = y - 46. What is f(28)?
-18
Let c(m) = 4*m + 234. Calculate c(-60).
-6
Let z(n) = n - 4. Give z(-11).
-15
Let l(x) = x**3 - 7*x**2 - 13*x + 11. What is l(8)?
-29
Let k(s) = -16*s - 52. Give k(-3).
-4
Let g(v) = -2*v**2 + 13*v - 9. Determine g(5).
6
Let m(j) = j**2 - 7*j + 3. Determine m(7).
3
Let w(s) = -4*s + 7. What is w(3)?
-5
Let y(o) = -o**3 - 29*o**2 + 24*o - 175. Determine y(-30).
5
Let t(v) = -4*v - 4. Determine t(-5).
16
Let i(t) = -t**3 + 29*t**2 + 32*t - 65. Give i(30).
-5
Let x(k) = -k**3 + 5*k**2 + 5*k - 5. What is x(5)?
20
Let d(v) = 5*v**3 - 33*v**2 - 15*v + 3. What is d(7)?
-4
Let k(m) = -m**3 + 12*m**2 - 15*m + 10. Give k(11).
-34
Let a(l) = l**2 - 19*l - 25. Calculate a(21).
17
Let c(u) = 5*u**2 + u + 9. What is c(2)?
31
Let f(z) = 16*z - 572. Give f(36).
4
Let v(d) = -d**3 + d**2 - d + 25. What is v(0)?
25
Let w(q) = -q**3 + 14*q**2 - 17*q + 58. Calculate w(13).
6
Let m(k) = -55*k - 161. Determine m(-3).
4
Let t(u) = -u**3 - 11*u**2 - 5*u + 43. Give t(-10).
-7
Let b(u) = -30*u - 176. Determine b(-6).
4
Let i(n) = n**2 - 42*n - 643. What is i(54)?
5
Let q(u) = u**2 - 1. What is q(0)?
-1
Let a(i) = -3*i**2 - 16*i + 13. Calculate a(-5).
18
Let m(t) = 2*t + 6. Determine m(0).
6
Let o(u) = -3*u**3 - 6*u**2 + 16*u + 8. Give o(-4).
40
Let f(v) = -v**3 + 6*v**2 + v - 1. Give f(6).
5
Let r(z) = z**2 - 2*z. Calculate r(-2).
8
Let v(h) = h - 29. Give v(7).
-22
Let q(s) = 6*s - 1. Calculate q(-1).
-7
Let n(k) = 6*k**3 + 2*k**2 - k + 1. Determine n(1).
8
Let t(v) = 2*v**2 + 62*v + 148. Determine t(-28).
-20
Let y(z) = z**3 + 9*z**2 + 6. Determine y(-9).
6
Let j(n) = 6*n - 51. Calculate j(6).
-15
Let z(b) = -b**3 + 11*b**2 + 5*b - 5. Give z(11).
50
Let j(o) = -22*o**2 - o. Determine j(1).
-23
Let j(q) = -14*q - 109. Give j(-8).
3
Let q(t) = -4*t - 5. Give q(-6).
19
Let a(w) = -9*w - 27. Determine a(4).
-63
Let b(s) = 2*s**2 - 5*s + 7. Determine b(3).
10
Let t(k) = 34*k - 169. Determine t(5).
1
Let m(d) = -d**3 + 4*d**2 - 3*d + 13. Calculate m(5).
-27
Let i(q) = -q**3 + 7*q**2 + 4*q - 6. Give i(8).
-38
Let o(l) = -6*l**3 - 2*l**2 + 1. Determine o(-2).
41
Let k(i) = 3*i - 27. Determine k(11).
6
Let m(p) = 10*p + 23. Give m(-5).
-27
Let l(v) = -v**3 + 22*v**2 + 4*v - 17. Calculate l(22).
71
Let m(a) = a**3 - 25*a**2 - a + 23. Calculate m(25).
-2
Let a(p) = p**3 + 2*p**2 - 3*p - 5. Calculate a(-5).
-65
Let y(x) = -7*x - 2. Determine y(-1).
5
Let s(w) = -2*w**3 - 3*w**2 + 5*w. Give s(2).
-18
Let v(u) = -u**3 + 21*u**2 + 23*u - 14. Give v(22).
8
Let z(l) = l + 37. Give z(-31).
6
Let h(f) = -2*f**2 - 3*f + 6. Calculate h(-5).
-29
Let x(o) = -2*o**2 - 3*o + 2. Calculate x(2).
-12
Let g(z) = -10*z + 80. Determine g(8).
0
Let f(c) = -c + 28. Calculate f(13).
15
Let j(n) = -15*n + 1. Give j(2).
-29
Let q(m) = -m**2 - 22*m - 113. What is q(-8)?
-1
Let p(f) = f**2 - 2*f + 1. Determine p(-8).
81
Let k(a) = -2*a**3 - 8*a**2 - 12*a - 4. What is k(-4)?
44
Let v(m) = -2*m**2 + 23*m - 33. Calculate v(8).
23
Let m(o) = o**3 + 9*o**2 + 8*o - 2. Give m(-8).
-2
Let o(w) = -w**3 - 33*w**2 + 35*w + 82. What is o(-34)?
48
Let u(b) = -11*b**3 + 2*b**2 - 9*b - 17. Determine u(-2).
97
Let h(k) = 2*k**3 + 2*k**2 + 2*k - 3. Give h(2).
25
Let n(v) = v**3 + 9*v**2 - 8*v + 5. Calculate n(-10).
-15
Let t(j) = -j**2 - 8*j + 34. Determine t(3).
1
Let i(s) = -3*s + 21. Give i(9).
-6
Let m(r) = r**2 + 11*r - 22. Give m(-7).
-50
Let b(p) = 4*p + 9. Determine b(-6).
-15
Let w(n) = 82*n - 1. What is w(-1)?
-83
Let d(n) = -n**3 + n**2 + 5*n - 6. What is d(5)?
-81
Let f(o) = o + 1. Give f(3).
4
Let z(x) = 4*x**2 + 7*x + 5. Give z(-4).
41
Let g(i) = -2*i - 1. Calculate g(5).
-11
Let o(w) = -w**3 - 4*w**2 + 3*w + 3. Calculate o(0).
3
Let c(s) = -16*s. Determine c(-2).
32
Let h(m) = m - 12. What is h(-6)?
-18
Let c(t) = 8*t**2 + 14*t + 36. Calculate c(-4).
108
Let m(y) = -y**3 - 3*y**2 - 3. What is m(-3)?
-3
Let b(r) = 2*r**3 + 4*r**2 + r + 3. Give b(-3).
-18
Let n(y) = y**2 + y - 7. What is n(3)?
5
Let n(c) = -c**2 + 5*c + 50. What is n(-5)?
0
Let z(r) = r**2 - 5*r - 10. Calculate z(8).
14
Let p(i) = 2*i + 22. What is p(-10)?
2
Let z(m) = -m**3 - 7*m**2 + 2. Determine z(-7).
2
Let q(d) = -d**2 - 36. Determine q(0).
-36
Let p(d) = -d - 5. What is p(4)?
-9
Let w(n) = n**3 - 27*n**2 + 26*n + 13. Calculate w(26).
13
Let i(v) = -v**3 - 53*v**2 + 2*v + 105. Calculate i(-53).
-1
Let x(h) = -h**2 + 13*h - 46. Give x(8).
-6
Let d(w) = 14*w - 361. Calculate d(26).
3
Let g(j) = -30*j + 33. Calculate g(3).
-57
Let h(f) = 31*f - 560. Give h(18).
-2
Let w(l) = 6*l + 11. Calculate w(-5).
-19
Let n(m) = m + 11. Determine n(8).
19
Let n(x) = -x**3 - 23*x**2 - 19*x + 36. What is n(-22)?
-30
Let g(i) = i - 15. Calculate g(10).
-5
Let o(w) = -2*w + 29. Give o(22).
-15
Let q(p) = p**3 - 18*p**2 + 3*p - 45. Calculate q(18).
9
Let c(x) = -x**3 + 2*x**2 + 32*x - 86. What is c(3)?
1
Let f(s) = -2*s**2 + 7*s + 22. What is f(6)?
-8
Let h(f) = f**2 - 9*f + 15. Determine h(6).
-3
Let p(u) = -u**3 - u**2 + 7*u + 4. Give p(-3).
1
Let i(z) = -3*z + 79. What is i(27)?
-2
Let g(l) = -30*l + 163. Calculate g(6).
-17
Let v(c) = 4*c - 1. What is v(2)?
7
Let a(p) = -p - 6. Determine a(0).
-6
Let p(w) = -2*w**3 - 2*w**2 + 4. Calculate p(-3).
40
Let o(f) = 9*f + 24. What is o(-3)?
-3
Let h(d) = 5*d - 90. Calculate h(19).
5
Let d(w) = w**3 - 18*w**2 + 30*w - 81. Calculate d(17).
140
Let h(f) = -f**3 - 59*f**2 + 6. Calculate h(-59).
6
Let s(y) = -11*y**3 + 5*y**2 - 3*y. Determine s(2).
-74
Let q(p) = p + 18. Determine q(0).
18
Let s(q) = -q**2 + 8*q - 4. Calculate s(6).
8
Let k(u) = -7*u**3 - 2*u**2 - 3*u + 6. Calculate k(1).
-6
Let b(g) = 2*g**2 + 4*g + 6. Calculate b(-6).
54
Let d(f) = 3*f**2 - 9*f + 1. Give d(3).
1
Let c(g) = g**3 + 16*g**2 - 37*g - 4. Calculate c(-18).
14
Let g(h) = h**3 + 8*h**2 + 9*h - 1. Give g(-7).
-15
Let h(x) = -18*x - 207. Calculate h(-12).
9
Let t(a) = -a**2 + 16*a - 40. Give t(15).
-25
Let u(y) = 3*y + 2. Give u(-10).
-28
Let d(p) = -p**3 - p**2. Give d(-1).
0
Let h(d) = -d**3 + 4*d**2 + 2*d + 3. Determine h(4).
11
Let r(d) = d**3 + 9*d**2 - 26*d - 3. Determine r(3).
27
Let b(q) = -q**3 + 7*q**2 - 5*q + 1. Calculate b(6).
7
Let f(u) = -33*u**2 - 2*u. Give f(-1).
-31
Let y(d) = -d**3 - d**2 - 4*d. Calculate y(3).
-48
Let s(p) = p**3 - 15*p**2 + 16*p - 9. Determine s(14).
19
Let g(b) = b**3 - 6*b**2 - 2*b + 3. Calculate g(6).
-9
Let b(l) = l**3 + 9*l**2 - 14*l - 27. What is b(-10)?
13
Let f(z) = z**3 - 6*z**2 + 2*z + 2. What is f(6)?
14
Let u(g) = g - 17. Calculate u(14).
-3
Let q(y) = -y**2 + 8*y + 18. Give q(9).
9
Let x(k) = 5*k - 31. Calculate x(14).
39
Let d(g) = -g**2 + 4*g + 12. Give d(5).
7
Let m(b) = b**3 + 15*b**2 + 17*b + 38. Calculate m(-14).
-4
Let g(b) = b**3 + 9*b**2 - b + 8. Give g(-9).
17
Let x(a) = a - 16. Calculate x(16).
0
Let m(t) = -t**2 + 17*t + 41. Give m(19).
3
Let g(j) = -j**3 + 16*j**2 + 2*j - 30. What is g(16)?
2
Let y(g) = g**2 - 9*g + 12. What is y(5)?
-8
Let n(v) = -139*v + 1116. What is n(8)?
4
Let s(f) = -f**2 + 5*f - 6. Calculate s(4).
-2
Let w(o) = -4*o + 14. Determine w(4).
-2
Let x(v) = -v**2 - 17*v + 16. Give x(-18).
-2
Let d(l) = -l**3 - 5*l**2 + 7*l. What is d(-6)?
-6
Let l(v) = -2*v**2 - 7*v - 11. Determine l(-2).
-5
Let k(v) = -4*v + 51. Calculate k(14).
-5
Let s(l) = -9*l + 38. Calculate s(5).
-7
Let r(o) = -o**2 + 35*o - 130. What is r(31)?
-6
Let x(h) = 52*h**2 - h - 2. Determine x(-1).
51
Let t(j) = -j**2 - 16*j - 17. Calculate t(-14).
11
Let p(x) = -x**3 + 2*x**2 - x - 1. Determine p(3).
-13
Let q(b) = -b**3 + 4*b**2 - 3*b + 6. What is q(4)?
-6
Let t(m) = 2*m**3 - 7*m**2 + 6*m - 4. Det